est common divisor of 286 and 104?
26
Calculate the greatest common factor of 370 and 30.
10
Calculate the greatest common factor of 296 and 37.
37
What is the greatest common factor of 690 and 150?
30
Calculate the highest common factor of 6517 and 1197.
133
What is the greatest common factor of 18 and 26586?
18
What is the highest common factor of 266 and 57?
19
Calculate the highest common factor of 5220 and 135.
45
Calculate the highest common factor of 84 and 4767.
21
Calculate the highest common factor of 140 and 340.
20
What is the greatest common divisor of 4063 and 17?
17
What is the greatest common divisor of 54 and 864?
54
Calculate the highest common divisor of 1335 and 178.
89
Calculate the greatest common divisor of 852 and 24.
12
Calculate the highest common divisor of 435 and 60.
15
What is the greatest common divisor of 52 and 962?
26
Calculate the highest common divisor of 762 and 12446.
254
What is the greatest common factor of 30 and 52740?
30
What is the greatest common divisor of 3828 and 198?
66
Calculate the highest common divisor of 20541 and 123.
123
What is the highest common divisor of 18 and 2?
2
What is the greatest common factor of 2 and 346?
2
What is the greatest common factor of 72 and 71352?
72
What is the highest common factor of 20971 and 67?
67
Calculate the highest common factor of 166 and 11786.
166
What is the greatest common factor of 93 and 5487?
93
Calculate the greatest common factor of 95 and 228.
19
Calculate the greatest common divisor of 16807 and 7.
7
What is the highest common divisor of 50 and 70?
10
Calculate the greatest common divisor of 44 and 17226.
22
What is the greatest common factor of 17 and 425?
17
Calculate the highest common factor of 192 and 114.
6
Calculate the greatest common factor of 8448 and 12.
12
Calculate the greatest common divisor of 52724 and 588.
196
What is the greatest common factor of 1914 and 783?
87
Calculate the greatest common factor of 132 and 60.
12
Calculate the greatest common factor of 162 and 54.
54
Calculate the greatest common factor of 165 and 22.
11
Calculate the greatest common factor of 55 and 891.
11
What is the highest common factor of 1272 and 96?
24
What is the greatest common factor of 28 and 504?
28
Calculate the highest common factor of 7 and 14.
7
Calculate the highest common divisor of 10127 and 228.
19
Calculate the greatest common divisor of 26 and 117.
13
What is the greatest common divisor of 89340 and 20?
20
What is the highest common divisor of 4709 and 34?
17
What is the highest common factor of 27 and 261?
9
What is the highest common divisor of 40 and 5?
5
What is the greatest common divisor of 3729 and 33?
33
What is the greatest common divisor of 789 and 9?
3
What is the highest common factor of 48 and 592?
16
What is the highest common factor of 385 and 210?
35
Calculate the greatest common factor of 3111 and 153.
51
What is the highest common factor of 476 and 364?
28
Calculate the highest common factor of 152 and 28044.
76
Calculate the greatest common divisor of 49 and 833.
49
What is the greatest common divisor of 8796 and 12?
12
Calculate the highest common divisor of 42 and 182.
14
Calculate the highest common divisor of 32 and 16.
16
What is the highest common factor of 60 and 165?
15
Calculate the highest common divisor of 44 and 28.
4
What is the greatest common divisor of 28 and 1813?
7
What is the greatest common factor of 129 and 516?
129
What is the greatest common divisor of 600 and 1?
1
What is the greatest common factor of 198 and 330?
66
What is the highest common divisor of 20 and 160?
20
What is the highest common divisor of 5580 and 93?
93
What is the highest common factor of 9 and 369?
9
Calculate the greatest common factor of 35361 and 9.
9
Calculate the greatest common divisor of 6291 and 45.
9
What is the greatest common divisor of 16 and 704?
16
What is the greatest common factor of 31 and 1?
1
Calculate the greatest common factor of 204 and 1308.
12
Calculate the highest common factor of 1176 and 1274.
98
What is the highest common divisor of 27 and 114?
3
Calculate the highest common factor of 266 and 190.
38
Calculate the highest common divisor of 85 and 13855.
85
What is the highest common factor of 168 and 7?
7
What is the highest common divisor of 12 and 9852?
12
Calculate the highest common factor of 9 and 753.
3
What is the highest common divisor of 59540 and 13?
13
Calculate the greatest common divisor of 23 and 69.
23
What is the greatest common factor of 6770 and 10?
10
What is the highest common divisor of 63 and 135?
9
Calculate the greatest common factor of 11 and 583.
11
What is the greatest common factor of 6 and 382?
2
Calculate the greatest common divisor of 540 and 2052.
108
Calculate the highest common divisor of 279 and 20181.
93
Calculate the greatest common factor of 77 and 583.
11
Calculate the highest common divisor of 100 and 8.
4
What is the highest common divisor of 12450 and 15?
15
Calculate the greatest common factor of 5625 and 36.
9
What is the greatest common factor of 56 and 196?
28
Calculate the greatest common factor of 304 and 5624.
152
What is the highest common factor of 49 and 77?
7
Calculate the highest common divisor of 2 and 3238.
2
Calculate the highest common divisor of 42 and 63.
21
Calculate the highest common divisor of 678 and 44409.
339
Calculate the highest common factor of 1375 and 110.
55
Calculate the greatest common factor of 41 and 18204.
41
Calculate the highest common factor of 201 and 9.
3
Calculate the highest common divisor of 9118 and 611.
47
What is the highest common factor of 20 and 40?
20
Calculate the greatest common factor of 117 and 312.
39
What is the greatest common factor of 136 and 32?
8
What is the highest common factor of 10 and 150?
10
Calculate the greatest common factor of 245 and 784.
49
Calculate the greatest common factor of 135 and 4563.
27
Calculate the greatest common divisor of 9300 and 20.
20
What is the highest common factor of 26 and 8021?
13
Calculate the greatest common divisor of 11663 and 214.
107
Calculate the greatest common factor of 106 and 159.
53
What is the highest common factor of 1247 and 1376?
43
What is the highest common factor of 240 and 15?
15
What is the greatest common divisor of 57 and 418?
19
What is the greatest common divisor of 184 and 216?
8
Calculate the highest common divisor of 93 and 15.
3
Calculate the highest common divisor of 72 and 18.
18
What is the greatest common divisor of 1092 and 336?
84
Calculate the highest common factor of 46 and 1817.
23
Calculate the greatest common divisor of 10 and 285.
5
What is the highest common divisor of 1435 and 140?
35
Calculate the highest common divisor of 527 and 1207.
17
What is the highest common factor of 1085 and 4774?
217
Calculate the greatest common factor of 81 and 729.
81
What is the greatest common divisor of 414 and 18?
18
Calculate the greatest common divisor of 9 and 9.
9
Calculate the greatest common factor of 18 and 558.
18
What is the highest common divisor of 1295 and 37?
37
Calculate the highest common divisor of 1899 and 9.
9
What is the highest common divisor of 47163 and 474?
237
What is the greatest common factor of 408 and 357?
51
What is the greatest common factor of 832 and 1344?
64
What is the highest common divisor of 217 and 1767?
31
What is the highest common divisor of 95 and 1159?
19
Calculate the greatest common factor of 48 and 10884.
12
What is the greatest common divisor of 65 and 1040?
65
Calculate the highest common divisor of 128 and 96.
32
What is the highest common divisor of 380 and 76?
76
What is the greatest common divisor of 36 and 279?
9
What is the highest common divisor of 182 and 234?
26
Calculate the greatest common factor of 23 and 5014.
23
What is the greatest common divisor of 168 and 112?
56
Calculate the highest common divisor of 920 and 40.
40
Calculate the greatest common divisor of 243 and 36.
9
Calculate the greatest common divisor of 382 and 38.
2
Calculate the highest common divisor of 216 and 24.
24
Calculate the greatest common divisor of 639 and 45.
9
What is the greatest common divisor of 2485 and 385?
35
Calculate the greatest common factor of 917 and 131.
131
What is the hig